 is the highest common factor of 1476 and 36?
36
Calculate the greatest common factor of 94 and 235.
47
Calculate the greatest common divisor of 21 and 27.
3
Calculate the greatest common factor of 53 and 53.
53
What is the greatest common factor of 403 and 527?
31
Calculate the highest common factor of 228 and 361.
19
What is the greatest common factor of 63 and 504?
63
What is the highest common factor of 3212 and 176?
44
Calculate the highest common factor of 544 and 1462.
34
Calculate the highest common factor of 16 and 91.
1
Calculate the highest common divisor of 14362 and 172.
86
Calculate the highest common divisor of 648 and 312.
24
What is the highest common factor of 390 and 2190?
30
What is the greatest common factor of 3 and 93?
3
Calculate the greatest common factor of 2313 and 36.
9
What is the greatest common divisor of 32 and 504?
8
Calculate the greatest common factor of 216 and 384.
24
What is the greatest common factor of 44 and 5511?
11
What is the highest common factor of 1593 and 243?
27
Calculate the greatest common factor of 155 and 93.
31
What is the highest common divisor of 2444 and 7708?
188
What is the highest common divisor of 1127 and 7?
7
Calculate the greatest common factor of 11768 and 8.
8
What is the greatest common factor of 9723 and 42?
21
Calculate the greatest common factor of 220 and 275.
55
What is the greatest common factor of 113 and 339?
113
What is the greatest common factor of 310 and 496?
62
Calculate the highest common factor of 168 and 63.
21
What is the highest common divisor of 146 and 9125?
73
What is the highest common factor of 60 and 1335?
15
Calculate the highest common factor of 250 and 200.
50
What is the greatest common factor of 180 and 45?
45
Calculate the greatest common divisor of 100 and 60.
20
Calculate the highest common factor of 150 and 240.
30
What is the greatest common divisor of 35420 and 368?
92
What is the highest common factor of 411 and 137?
137
What is the greatest common factor of 444 and 1480?
148
Calculate the greatest common divisor of 406 and 28.
14
Calculate the greatest common factor of 48 and 352.
16
What is the highest common divisor of 41004 and 153?
153
What is the greatest common divisor of 57 and 21603?
57
What is the greatest common factor of 100 and 575?
25
Calculate the highest common divisor of 147 and 196.
49
Calculate the greatest common factor of 14864 and 16.
16
Calculate the highest common factor of 12 and 192.
12
Calculate the highest common divisor of 656 and 32.
16
What is the greatest common factor of 3686 and 1026?
38
Calculate the highest common divisor of 2015 and 325.
65
What is the highest common divisor of 27 and 3834?
27
What is the highest common factor of 16 and 1632?
16
What is the highest common divisor of 400 and 16?
16
What is the highest common factor of 207 and 23?
23
What is the greatest common factor of 1632 and 768?
96
What is the greatest common factor of 8 and 68?
4
What is the highest common factor of 405 and 2160?
135
Calculate the greatest common factor of 18 and 14994.
18
Calculate the greatest common divisor of 261 and 116.
29
Calculate the greatest common divisor of 1280 and 100.
20
What is the highest common divisor of 1084 and 52?
4
Calculate the highest common factor of 66 and 1698.
6
Calculate the greatest common factor of 40 and 130.
10
Calculate the highest common factor of 1349 and 228.
19
Calculate the greatest common factor of 475 and 675.
25
What is the greatest common factor of 68 and 221?
17
Calculate the greatest common factor of 2530 and 440.
110
What is the highest common factor of 14539 and 93?
31
Calculate the greatest common divisor of 6480 and 4080.
240
What is the greatest common divisor of 5396 and 568?
284
What is the highest common factor of 105 and 63?
21
What is the highest common divisor of 9789 and 39?
39
Calculate the highest common factor of 1677 and 39.
39
What is the highest common divisor of 90 and 27900?
90
What is the greatest common factor of 164 and 48?
4
Calculate the greatest common divisor of 15 and 345.
15
Calculate the highest common divisor of 672 and 4200.
168
Calculate the highest common factor of 18 and 186.
6
What is the highest common divisor of 531 and 54?
9
Calculate the highest common factor of 12 and 42.
6
What is the highest common divisor of 960 and 70?
10
Calculate the greatest common divisor of 1793 and 154.
11
What is the greatest common factor of 1411 and 34?
17
What is the highest common factor of 952 and 102?
34
Calculate the greatest common divisor of 22 and 36487.
11
What is the highest common divisor of 145 and 2755?
145
What is the highest common divisor of 2304 and 4?
4
Calculate the highest common factor of 272 and 18632.
136
Calculate the highest common factor of 427 and 7991.
61
Calculate the greatest common factor of 10 and 55.
5
What is the greatest common divisor of 8 and 16552?
8
What is the highest common divisor of 5168 and 8?
8
What is the highest common factor of 3512 and 40?
8
What is the greatest common factor of 80 and 6752?
16
Calculate the greatest common divisor of 41 and 4.
1
Calculate the greatest common factor of 87 and 41325.
87
Calculate the greatest common divisor of 445 and 5.
5
Calculate the highest common factor of 4 and 52.
4
Calculate the greatest common divisor of 432 and 3.
3
What is the greatest common factor of 51 and 17697?
51
Calculate the highest common divisor of 54 and 1152.
18
Calculate the greatest common divisor of 27 and 62937.
27
What is the greatest common factor of 970 and 873?
97
Calculate the greatest common divisor of 125 and 4625.
125
Calculate the highest common factor of 40331 and 31.
31
What is the highest common divisor of 350 and 42?
14
What is the highest common divisor of 756 and 72?
36
Calculate the highest common divisor of 1003 and 374.
17
What is the greatest common factor of 148 and 4?
4
What is the greatest common divisor of 780 and 420?
60
Calculate the highest common divisor of 65 and 1378.
13
What is the highest common factor of 696 and 72?
24
What is the greatest common divisor of 1479 and 1305?
87
Calculate the greatest common divisor of 4 and 491.
1
Calculate the greatest common factor of 43 and 1763.
43
What is the highest common divisor of 140 and 20?
20
Calculate the greatest common factor of 26 and 12896.
26
What is the highest common divisor of 124 and 527?
31
Calculate the highest common factor of 40 and 2900.
20
Calculate the highest common divisor of 20687 and 302.
151
What is the greatest common factor of 475 and 190?
95
What is the greatest common factor of 26 and 403?
13
What is the greatest common factor of 2372 and 4?
4
Calculate the highest common factor of 250 and 90.
10
Calculate the highest common factor of 14520 and 120.
120
Calculate the highest common divisor of 32 and 200.
8
What is the highest common factor of 416 and 689?
13
What is the highest common factor of 102 and 198?
6
Calculate the greatest common factor of 99 and 957.
33
What is the highest common divisor of 308 and 22176?
308
What is the highest common factor of 573 and 3?
3
Calculate the greatest common divisor of 3672 and 54.
54
Calculate the highest common divisor of 54 and 882.
18
Calculate the greatest common divisor of 175 and 75.
25
Calculate the greatest common divisor of 154 and 70.
14
What is the greatest common divisor of 20 and 9820?
20
What is the highest common divisor of 69 and 2875?
23
What is the greatest common factor of 2513 and 3949?
359
Calculate the greatest common divisor of 24 and 130.
2
What is the greatest common factor of 9 and 153?
9
What is the greatest common divisor of 29 and 35699?
29
What is the greatest common factor of 1443 and 273?
39
What is the highest common factor of 38095 and 190?
95
What is the greatest common factor of 11 and 1067?
11
What is the highest common factor of 1050 and 30?
30
What is the greatest common factor of 344 and 215?
43
Calculate the highest common factor of 6 and 74.
2
What is the greatest common divisor of 9 and 2421?
9
What is the greatest common divisor of 238 and 374?
34
Calculate the greatest common factor of 78 and 48.
6
Calculate the greatest common divisor of 22 and 6.
2
Calculate the highest common factor of 217 and 93.
31
Calc